n base 14?
-61d
-3231 (base 4) to base 10
-237
What is 10538 (base 15) in base 6?
1035455
What is -755 (base 12) in base 10?
-1073
What is -23626 (base 12) in base 15?
-e150
What is -10000010011010100 (base 2) in base 12?
-32784
What is 2362 (base 8) in base 14?
666
What is aa (base 15) in base 2?
10100000
What is -2750 (base 11) in base 4?
-313230
What is -21708 (base 9) in base 15?
-441b
What is 755 (base 13) in base 10?
1253
Convert 16027 (base 11) to base 4.
11202000
102440 (base 5) to base 3
11210110
Convert 11444 (base 5) to base 13.
523
-17816 (base 10) to base 8
-42630
122111 (base 3) to base 14
25a
What is 3484 (base 9) in base 5?
40322
What is 46c6 (base 13) in base 7?
41023
What is 21 (base 7) in base 2?
1111
Convert 103414 (base 7) to base 16.
467b
What is -965 (base 12) in base 16?
-55d
What is 460 (base 10) in base 3?
122001
What is -2012231 (base 4) in base 3?
-102211022
What is -1110000010110 (base 2) in base 13?
-3371
c733 (base 14) to base 5
2044340
What is 478 (base 12) in base 13?
3c5
Convert -55 (base 11) to base 3.
-2020
Convert 32 (base 6) to base 13.
17
Convert -1236 (base 9) to base 6.
-4140
-2ed5 (base 15) to base 7
-41306
Convert 30301 (base 8) to base 16.
30c1
Convert -b328 (base 13) to base 12.
-12370
What is -3154 (base 7) in base 9?
-1471
What is 27c (base 13) in base 11?
371
-1001222 (base 4) to base 10
-4202
Convert -12214 (base 5) to base 15.
-424
Convert -20226 (base 13) to base 3.
-2220212100
-1891 (base 12) to base 13
-148c
-1000010 (base 3) to base 2
-1011011100
Convert 143224 (base 7) to base 15.
8271
What is a55 (base 13) in base 6?
12052
15506 (base 7) to base 4
1010033
What is -12310113 (base 4) in base 12?
-141b3
Convert -419 (base 11) to base 4.
-13320
What is -2409 (base 10) in base 12?
-1489
Convert c4c0 (base 16) to base 6.
1025104
-915c (base 13) to base 8
-47063
7354 (base 9) to base 10
5395
Convert 21023 (base 5) to base 7.
4022
Convert 1101002211 (base 3) to base 7.
141601
-21112 (base 4) to base 5
-4343
What is -41 (base 8) in base 16?
-21
-3021 (base 6) to base 12
-471
Convert -111001011 (base 2) to base 4.
-13023
Convert -587 (base 11) to base 16.
-2bc
142 (base 10) to base 7
262
What is 231130 (base 5) in base 16?
2062
Convert -1258 (base 16) to base 9.
-6387
Convert -2030a (base 11) to base 9.
-44610
What is -10111110111111 (base 2) in base 5?
-342343
42364 (base 9) to base 8
66543
What is -502 (base 8) in base 3?
-102221
Convert -13a6 (base 13) to base 2.
-101100011000
Convert -1a8 (base 12) to base 10.
-272
Convert 57658 (base 9) to base 5.
2212242
What is 1956 (base 11) in base 13?
118b
What is -33323 (base 6) in base 12?
-2843
What is -514 (base 10) in base 7?
-1333
Convert 160245 (base 7) to base 15.
9449
What is 2111 (base 8) in base 6?
5025
What is -3787 (base 10) in base 5?
-110122
What is -3670 (base 9) in base 3?
-10202100
Convert 1716 (base 13) to base 6.
23423
Convert -10210 (base 8) to base 11.
-31a8
Convert 331 (base 4) to base 11.
56
What is -15a3a (base 13) in base 10?
-41285
What is 4434 (base 5) in base 6?
2511
What is 2470 (base 8) in base 9?
1744
Convert 382 (base 10) to base 16.
17e
Convert 976 (base 11) to base 4.
102110
What is -3d67 (base 15) in base 5?
-410042
Convert -82e (base 15) to base 9.
-2468
-50 (base 15) to base 9
-83
What is 163052 (base 7) in base 9?
48245
What is 8cde (base 15) in base 3?
1112000202
Convert -596 (base 13) to base 16.
-3c8
Convert -350 (base 6) to base 10.
-138
181 (base 12) to base 16
f1
-101051 (base 9) to base 15
-12ad4
Convert 21011000 (base 3) to base 14.
1c83
What is -1aa44 (base 11) in base 15?
-89c4
Convert 48801 (base 10) to base 14.
13adb
-528 (base 9) to base 4
-12233
Convert 1004 (base 7) to base 12.
24b
-2001 (base 4) to base 16
-81
-22102 (base 3) to base 12
-16b
Convert 1b2 (base 12) to base 9.
338
What is -21102120 (base 3) in base 11?
-4083
Convert 3414 (base 6) to base 5.
11202
101110000011 (base 2) to base 15
d17
Convert -cc36 (base 14) to base 16.
-8a00
-2110110 (base 3) to base 11
-1391
What is -393 (base 10) in base 15?
-1b3
1d4 (base 16) to base 7
1236
-5b9 (base 16) to base 9
-2007
Convert 11130001 (base 4) to base 14.
818d
What is -203321 (base 4) in base 13?
-1079
37232 (base 9) to base 8
60621
-2224 (base 5) to base 13
-1b2
What is -84eb (base 15) in base 9?
-42515
Convert a1 (base 15) to base 16.
97
Convert 30404 (base 5) to base 10.
1979
What is 489 (base 12) in base 3?
221020
1011100111011101 (base 2) to base 3
2102021021
What is 4191 (base 11) in base 5?
134140
-4040 (base 6) to base 9
-1186
What is 1867 (base 11) in base 15?
a82
What is 3200222 (base 4) in base 7?
56630
Convert -105324 (base 6) to base 8.
-21424
Convert -3201 (base 6) to base 10.
-721
110012 (base 3) to base 16
149
23233332 (base 4) to base 15
e3d6
443 (base 11) to base 16
213
Convert -47555 (base 9) to base 14.
-b838
Convert -1101 (base 7) to base 9.
-476
-31112 (base 4) to base 9
-1148
11222 (base 5) to base 3
1010002
-4b60 (base 14) to base 5
-410331
Convert -18367 (base 10) to base 3.
-221012021
What is 5c65 (base 13) in base 7?
53116
What is -200101 (base 4) in base 15?
-92a
111000111 (base 2) to base 3
121212
-7091 (base 11) to base 14
-3609
What is 242 (base 16) in base 5?
4303
-329 (base 15) to base 3
-222110
Convert 1242 (base 5) to base 16.
c5
What is -15eee (base 15) in base 6?
-1304042
414 (base 9) to base 11
287
What is -202222 (base 4) in base 7?
-6316
What is -6035 (base 7) in base 3?
-2212012
Convert 1e8 (base 15) to base 3.
121102
Convert 25a (base 16) to base 15.
2a2
What is -1564 (base 10) in base 4?
-120130
-143300 (base 8) to base 14
-14784
100100000 (base 2) to base 15
143
What is -12132 (base 8) in base 5?
-131320
-22500 (base 6) to base 10
-3204
What is -3f (base 16) in base 9?
-70
What is 33a (base 11) in base 2?
110010110
What is -2775 (base 8) in base 3?
-2002210
What is -111 (base 12) in base 7?
-313
Convert 4455 (base 13) to base 2.
10010100111110
-11000111001 (base 2) to base 8
-3071
Convert 1145141 (base 6) to base 5.
3421012
-3121 (base 5) to base 12
-2a3
Convert 73d3 (base 14) to base 10.
19981
Convert 110010010 (base 2) to base 11.
336
Convert 13051 (base 10) to base 5.
404201
What is -640 (base 14) in base 7?
-3410
Convert 3134 (base 7) to base 11.
913
Convert -1024331 (base 6) to base 16.
-c43f
Convert -15023 (base 6) to base 11.
-1884
-12478 (base 9) to base 13
-3aa3
Convert -108b (base 12) to base 5.
-24320
What is 6354 (base 7) in base 6?
14220
What is 25a (base 11) in base 3?
102101
Convert -1000110010001 (base 2) to base 8.
-10621
Convert 2303122 (base 4) to base 7.
45322
Convert -4452 (base 8) to base 10.
-2346
What is -1272 (base 9) in base 16?
-3bc
-114 (base 15) to base 9
-301
What is 20031 (base 4) in base 6?
2233
What is -1875 (base 9) in base 13?
-872
Convert 200212 (base 3) to base 9.
625
What is -100001100001001 (base 2) in base 9?
-25477
Convert 2221110 (base 4) to base 2.
10101001010100
Convert -2133 (base 12) to base 16.
-e37
What is 6032 (base 7) in base 12?
1255
What is -230313 (base 5) in base 3?
-102021000
What is -10010000001 (base 2) in base 16?
-481
Convert 11865 (base 9) to base 2.
1111100111101
-10e78 (base 16) to base 11
-48026
Convert -128 (base 13) to base 10.
-203
What is 55147 (base 9) in base 5?
2132244
Convert 582 (base 13) to base 14.
4bd
Convert -2120000 (base 3) to base 9.
-2500
-3a44 (base 11) to base 15
-1851
What is 3847 (base 16) in base 4?
3201013
What is 385 (base 9) in base 3?
102212
Convert -2374 (base 11) to base 16.
-c22
What is -1100100001 (base 2) in base 13?
-498
What is 221101 (base 3) in base 4?
22231
Convert -1100011101 (base 2) to base 10.
-797
Convert -1a5 (base 14) to base 4.
-11111
-101101011 (base 2) to base 14
-1bd
Convert -c9b2 (base 15) to base 12.
-20858
-175a (base 15) to base 3
-20220111
Convert -b8e2 (base 15) to base 6.
-501105
-1e8 (base 15) to base 2
-110111011
What is -3426 (base 13) in base 8?
-16203
Convert 162b1 (base 14) to base 4.
31202003
-21a6 (base 14) to base 15
-1ada
653 (base 9) to base 7
1362
1333 (base 6) to base 5
2340
What is -6e30 (base 15) in base 3?
-1012011100
Convert -145505 (base 8) to base 4.
-30231011
-8119 (base 10) to base 4
-1332313
4247 (base 16) to base 11
11825
-1201012212 (base 3) to base 16
-839c
-387